926145261.
3, 67, 19533061
What are the prime factors of 5310960335?
5, 1062192067
What are the prime factors of 7850655378?
2, 3, 2087, 69661
List the prime factors of 28787555.
5, 67, 85933
What are the prime factors of 154026779?
154026779
What are the prime factors of 2130412097?
11, 6569, 29483
What are the prime factors of 3194906955?
3, 5, 8053, 26449
List the prime factors of 52350636.
2, 3, 13, 73, 4597
What are the prime factors of 2099828333?
2099828333
List the prime factors of 96274672.
2, 13, 17, 19, 1433
What are the prime factors of 25696248?
2, 3, 17, 62981
List the prime factors of 173593446.
2, 3, 13, 2225557
List the prime factors of 1135772773.
1135772773
What are the prime factors of 975649385?
5, 239, 816443
What are the prime factors of 3109962212?
2, 7, 2377, 46727
What are the prime factors of 948118098?
2, 3, 23, 6870421
What are the prime factors of 793809056?
2, 19, 1305607
List the prime factors of 208687222.
2, 19, 61, 197, 457
List the prime factors of 1497144823.
1497144823
What are the prime factors of 1315406169?
3, 7, 11, 79, 8009
What are the prime factors of 21255178?
2, 7, 1021, 1487
List the prime factors of 167917865.
5, 33583573
List the prime factors of 2570489735.
5, 11, 46736177
What are the prime factors of 64194439?
4099, 15661
What are the prime factors of 7472881858?
2, 13, 287418533
List the prime factors of 79000050.
2, 3, 5, 526667
List the prime factors of 653438254.
2, 7, 4517, 10333
What are the prime factors of 3327172982?
2, 7, 1949, 121937
What are the prime factors of 424278362?
2, 547, 709
What are the prime factors of 32735087?
7, 11, 60733
List the prime factors of 1495278816.
2, 3, 15575821
What are the prime factors of 4329891688?
2, 9629, 56209
List the prime factors of 11563014.
2, 3, 457, 4217
What are the prime factors of 64826904?
2, 3, 41, 65881
What are the prime factors of 29244646?
2, 1523, 9601
List the prime factors of 34026753.
3, 971, 11681
What are the prime factors of 3016447949?
659, 4577311
What are the prime factors of 2260070868?
2, 3, 11, 79, 216731
List the prime factors of 539150275.
5, 21566011
What are the prime factors of 499964678?
2, 103, 491, 4943
What are the prime factors of 188191875?
3, 5, 29, 3461
What are the prime factors of 112348538?
2, 2999, 18731
List the prime factors of 92419103.
7, 443, 29803
List the prime factors of 55585298.
2, 19, 1109, 1319
List the prime factors of 52161678.
2, 3, 17, 56821
List the prime factors of 625536095.
5, 125107219
List the prime factors of 1358170339.
1358170339
List the prime factors of 8747213.
8747213
What are the prime factors of 3668864109?
3, 19, 547, 117671
List the prime factors of 289489083.
3, 13, 137, 54181
What are the prime factors of 37526883?
3, 257, 48673
What are the prime factors of 4247625097?
43, 3517, 28087
What are the prime factors of 121164990?
2, 3, 5, 4038833
What are the prime factors of 3993526764?
2, 3, 31, 827, 4327
List the prime factors of 1923488975.
5, 1427, 53917
What are the prime factors of 15262610?
2, 5, 11, 89, 1559
List the prime factors of 1850456985.
3, 5, 13, 9489523
What are the prime factors of 9965314?
2, 4982657
What are the prime factors of 24837164?
2, 11, 509, 1109
What are the prime factors of 36899786?
2, 7, 11, 19, 12611
What are the prime factors of 139500225?
3, 5, 22963
List the prime factors of 20846918.
2, 113, 92243
What are the prime factors of 82496881?
82496881
List the prime factors of 68743560.
2, 3, 5, 131, 4373
List the prime factors of 99288965.
5, 19, 239, 4373
What are the prime factors of 1040513439?
3, 7, 59, 839801
List the prime factors of 211327631.
173, 587, 2081
List the prime factors of 16459928.
2, 19, 108289
List the prime factors of 901411004.
2, 13, 17334827
List the prime factors of 6673362055.
5, 5281, 252731
List the prime factors of 48711700.
2, 5, 23, 21179
What are the prime factors of 41294512?
2, 7, 67, 5503
What are the prime factors of 49545659?
29, 283, 6037
List the prime factors of 70926220.
2, 5, 3546311
What are the prime factors of 31674386?
2, 41, 59, 6547
List the prime factors of 72360764.
2, 7, 353, 7321
What are the prime factors of 37986070?
2, 5, 107, 131, 271
List the prime factors of 67715516.
2, 11, 1538989
What are the prime factors of 75756309?
3, 881, 28663
What are the prime factors of 110132354?
2, 55066177
What are the prime factors of 8042695414?
2, 13, 7129, 43391
List the prime factors of 29403322.
2, 13, 101, 11197
What are the prime factors of 726417514?
2, 17, 21365221
What are the prime factors of 1333588987?
17, 6397, 12263
List the prime factors of 100348248.
2, 3, 7, 11, 13, 4177
List the prime factors of 110158006.
2, 7, 503, 15643
What are the prime factors of 2234864179?
18691, 119569
List the prime factors of 1794630895.
5, 358926179
What are the prime factors of 40699537?
40699537
What are the prime factors of 832567504?
2, 52035469
What are the prime factors of 9988535?
5, 1997707
What are the prime factors of 7155188?
2, 79, 22643
List the prime factors of 1509513968.
2, 43, 109, 20129
List the prime factors of 209241553.
59, 3546467
List the prime factors of 282546752.
2, 59, 74827
What are the prime factors of 13434215?
5, 811, 3313
List the prime factors of 16797872.
2, 7, 13, 83, 139
List the prime factors of 7775308.
2, 1943827
What are the prime factors of 1352427126?
2, 3, 271, 831751
List the prime factors of 1084742918.
2, 7, 77481637
What are the prime factors of 1502052869?
1502052869
What are the prime factors of 83388203?
107, 779329
List the prime factors of 149885491.
7, 47, 455579
List the prime factors of 868266811.
233, 3726467
What are the prime factors of 942722275?
5, 11, 23, 113, 1319
What are the prime factors of 888166098?
2, 3, 211, 233851
List the prime factors of 280349158.
2, 113, 1240483
List the prime factors of 574947972.
2, 3, 83, 317, 607
What are the prime factors of 411901070?
2, 5, 7, 223, 26387
What are the prime factors of 6481469767?
89, 4813, 15131
What are the prime factors of 67634998?
2, 33817499
List the prime factors of 751490421.
3, 11, 1171, 19447
What are the prime factors of 32540857?
32540857
List the prime factors of 186997261.
11, 16999751
List the prime factors of 21557905.
5, 1607, 2683
List the prime factors of 45458757.
3, 929, 5437
What are the prime factors of 76706117?
76706117
List the prime factors of 642029075.
5, 109, 235607
What are the prime factors of 272219611?
272219611
List the prime factors of 56000954.
2, 28000477
What are the prime factors of 20878952?
2, 37, 70537
List the prime factors of 3146520256.
2, 11, 37, 113, 1069
List the prime factors of 30709560.
2, 3, 5, 7, 36559
List the prime factors of 665216316.
2, 3, 18478231
List the prime factors of 773016583.
41, 61, 309083
List the prime factors of 78121684.
2, 2063, 9467
What are the prime factors of 71392236?
2, 3, 307, 19379
What are the prime factors of 1094444?
2, 13, 1619
List the prime factors of 27241501.
7, 523, 1063
What are the prime factors of 1632342592?
2, 19, 89, 15083
What are the prime factors of 111292439?
709, 156971
What are the prime factors of 4053767943?
3, 1351255981
What are the prime factors of 967241688?
2, 3, 7, 103, 55897
List the prime factors of 743678706.
2, 3, 1667, 74353
List the prime factors of 2298447251.
47, 79, 619027
List the prime factors of 1430439118.
2, 43, 1997, 8329
List the prime factors of 31112719.
11, 2828429
List the prime factors of 3792564644.
2, 11, 6329, 13619
What are the prime factors of 94829176?
2, 13, 911819
What are the prime factors of 2021931473?
827, 2444899
List the prime factors of 1256374504.
2, 7, 11, 291367
What are the prime factors of 161609936?
2, 163, 61967
What are the prime factors of 7712506?
2, 3856253
What are the prime factors of 392427150?
2, 3, 5, 17, 23, 6691
What are the prime factors of 5611033518?
2, 3, 935172253
List the prime factors of 182280383.
41, 61, 72883
List the prime factors of 207935463.
3, 73, 949477
List the prime factors of 1477282866.
2, 3, 31, 67, 118543
List the prime factors of 582422014.
2, 43, 2129, 3181
List the prime factors of 609188152.
2, 29, 2625811
What are the prime factors of 1077346629?
3, 73, 546599
What are the prime factors of 23577